29792 = 58*q. What are the prime factors of q?
2, 29, 127
Let n = 42 - 108. Suppose 3*o + 120 = -0*o. Let k = o - n. What are the prime factors of k?
2, 13
Let h(x) = 468 + 151 + x**2 + 86. What are the prime factors of h(0)?
3, 5, 47
Suppose 3*m - 6*m = -29988. Suppose -12*q + m = 9*q. List the prime factors of q.
2, 7, 17
Let s = 203 - 152. List the prime factors of (7 - s/9)/((-1)/(-36)).
2, 3
Suppose 4*y = q + q - 48, -5*y - 95 = -5*q. Suppose q*m - 13*m = 6. Suppose 178 = 5*n - 3*j + m*j, 5*j - 5 = 0. List the prime factors of n.
5, 7
Suppose -2*s + 5*s = -4*v + 159843, -4*v - s = -159849. What are the prime factors of v?
3, 7, 11, 173
Let j(i) = 23*i**2 - 41*i - 545. What are the prime factors of j(-15)?
5, 1049
Let g = 924 - 829. Suppose 4*b = 453 + g. What are the prime factors of b?
137
Let t(s) = -164*s + 33. Let v be t(-12). Suppose 0 = 76*l - 73*l - v. List the prime factors of l.
23, 29
Suppose 3*g + 3*j - 16779 = -2*j, 2*g = 2*j + 11202. List the prime factors of g.
2, 3, 311
Let j(f) = 29*f**2 - 16*f + 13. Let n be j(-6). Let s = n - 55. List the prime factors of s.
2, 3, 61
Let m(g) = 6*g + 3. Suppose 0 = -4*n - 12 - 20. Let a be m(n). Let y = a + 95. List the prime factors of y.
2, 5
Suppose n - 11 = 3*m, 10 = -2*m - 3*m. Let u(i) = -9*i**2 - 2*i + 8. Let w be u(n). Let s = w - -476. What are the prime factors of s?
3, 83
Let p = 501 + -238. Let f = 682 + p. What are the prime factors of f?
3, 5, 7
Let x(i) = i**2 + 9*i. Let f be x(-9). Suppose f = -0*l - l + 3*d + 208, 0 = -3*d. What are the prime factors of l?
2, 13
Let l(d) = 53*d**2 - 59*d + 290. List the prime factors of l(25).
2, 5, 1597
Suppose -2*c - 2*w + 36 = 0, -w - 98 = -5*c - 20. Suppose -416 = c*k - 4064. What are the prime factors of k?
2, 3, 19
Let f = -20294 - -28577. List the prime factors of f.
3, 11, 251
Suppose 0 = -3*i + 5*w - 23 + 4, 10 = 2*w. Suppose 0*s + 5*d - 5597 = -3*s, i*d + 4 = 0. List the prime factors of s.
3, 7, 89
Let i(t) = t + 30. Let q be i(-19). Suppose -19*p + 9*p = -q*p. Suppose -13*d + 18*d - 715 = p. What are the prime factors of d?
11, 13
Suppose j = -2 - 37. Let q = j - -55. What are the prime factors of ((-39)/4)/((-6)/q)?
2, 13
Let t(w) = w**3 + 17*w**2 + 14*w - 11. Let b be t(-16). Let r = -16 + b. Suppose 0 = 5*j - r*y + 2*y - 167, 2*j - 5*y = 82. What are the prime factors of j?
31
Let l = -7 + 7. Let p be 1 + 49 + l + -3 + 5. Suppose 162*f = 164*f - p. What are the prime factors of f?
2, 13
Suppose 213384 = 312*j - 295*j. List the prime factors of j.
2, 3, 523
Suppose 3*n - 42 = -30. Suppose 4*i + 456 = 9*i - 2*c, -n*i - 2*c = -372. Suppose i = 5*m - 173. List the prime factors of m.
53
Let d(f) = f**3 - 3*f**2 - 21*f + 66. What are the prime factors of d(0)?
2, 3, 11
Let m(r) = -2*r + 7. Let j be m(-9). Suppose g - 4*l = 3, 3*g + 7*l - 2*l = -j. Let f(t) = -t**2 - 13*t - 11. What are the prime factors of f(g)?
29
Let j(d) = 2*d**2 + 39. Let q(z) = 4*z**2 + 7*z + 1. Let b be q(-3). Let p be b/(-32) - 1/(-2). List the prime factors of j(p).
3, 13
Let r = 23 - 80. List the prime factors of (0 - -1 - -19)/((-3)/r).
2, 5, 19
Let i = -510 + 510. List the prime factors of 1219 - (i + -5 - 0).
2, 3, 17
Let d(y) = -2*y**3 + y**2 + 16*y + 41. Let x be d(7). Let l = 857 + x. List the prime factors of l.
373
Let i(y) = y**2 - 4*y + 48. Let p be i(-16). Suppose -4*x - p = -4. What are the prime factors of (-4498)/x - 9/21?
7
Let b(i) = i + 82. Let h be b(17). Suppose -h = -j + 214. List the prime factors of j.
313
Let x = 27777 + 5636. Suppose -x = -26*q + 15805. What are the prime factors of q?
3, 631
Suppose 2*r - 19855 = 13*r. Let d = -1029 - r. What are the prime factors of d?
2, 97
Let j(b) = b + 10. Let m be j(-7). Let u(s) = -s**2 + 6*s**m + 10*s**3 - 15*s**3 + 17 - s. List the prime factors of u(0).
17
Let o(m) = 38*m**2 + 2*m - 10. Let u be o(-2). Suppose u*j - 1836 = 132*j. List the prime factors of j.
2, 3, 17
Let o = -32159 + 43914. What are the prime factors of o?
5, 2351
Suppose -l - 16 = -5*b - 4*l, -3*l + 14 = 4*b. Suppose 4*a + 344 = 4*n, -2*a + 416 = 3*n + b*n. Suppose 7*f - 1064 + n = 0. List the prime factors of f.
2, 5, 7
List the prime factors of 0 - (-2)/7 - (-258674)/14.
3, 2053
Suppose 0 = 4*z - 4*m - 52, 2*z = -0*z - 5*m + 61. Let x be 676/(-10) - z/45. Let i = x + 176. What are the prime factors of i?
2, 3
Suppose 5*g = 3375 - 945. Suppose 10*j - g = 1904. List the prime factors of j.
239
Let g(b) = 1416*b - 2. Let v be g(4). Suppose 4*u - 10*c + 8*c - v = 0, -5*c - 1420 = -u. What are the prime factors of u?
5, 283
Suppose -5*a = -j + 2857, 4*a - 6 = 6*a. Suppose -3*g - 700 = -j. What are the prime factors of g?
2, 3, 7, 17
Let a = -135 - -3618. What are the prime factors of a?
3, 43
Let z(c) = -221*c**3 - c**2 - 4*c - 3. Suppose 5 + 763 = -16*w. Let y = w + 47. What are the prime factors of z(y)?
13, 17
Suppose 191*y + 226*y = 4976284 + 1457609. List the prime factors of y.
3, 37, 139
Let d(k) = 5*k**3 - 9*k**2 + 13*k - 30. What are the prime factors of d(10)?
2, 3, 5, 7
Suppose -21*x + 403426 = -333677 + 129300. What are the prime factors of x?
103, 281
Suppose -l - 4*v - 4 = 3*l, 1 = -2*l - v. Let x be (-3)/3 + (1 - l/(-3)). Suppose x = -4*a + 3*i + 327, 4*a - i - i = 322. What are the prime factors of a?
2, 3, 13
Let s be (45/(-18))/(1/(-2)). Suppose -2*a + 7*t = s*t - 802, 0 = -3*a + 2*t + 1202. List the prime factors of a.
2, 5
Let m(j) = j**3 - j**2 + j. Let q(h) = -3*h**3 + 15*h**2 - 2*h + 23. Let g(n) = 4*m(n) + q(n). Suppose 190 = -19*c - 0. List the prime factors of g(c).
103
Let d = 10118 - 8632. List the prime factors of d.
2, 743
Let o(f) be the second derivative of 2*f**5/5 + f**4/4 - f**2/2 - 189*f. Let x be 18/8 - (-1)/(-4). List the prime factors of o(x).
3, 5
Suppose 3*b = -3*i + 102, 0 = 4*b + 4*i - 7*i - 122. Suppose -3*l - 4 = -1. Let y = b + l. List the prime factors of y.
31
Let y(z) = 15*z**2 + 13 + 10*z - z**3 - 1 - 1. List the prime factors of y(8).
7, 11
Let j(a) = -492*a + 1389. List the prime factors of j(-51).
3, 7, 13, 97
Let b = -6416 - -14941. What are the prime factors of b?
5, 11, 31
Let p = 2443 + 2087. What are the prime factors of p?
2, 3, 5, 151
Let r be (-4)/18 + (-5)/((-360)/67624). Let q = r + -503. What are the prime factors of q?
2, 109
Let f(v) = -418*v**2 + 34. Let i be f(13). List the prime factors of 2/(-8 - i/8824).
1103
Let j(t) = -2*t**3 + 34*t**2 - 16*t - 16. Let d be j(16). Suppose d*c = 230*c + 6120. What are the prime factors of c?
2, 3, 17
Let a(l) = -2*l**2 - 42*l + 88. Let o be a(-23). Let y(b) = -22*b**3 - 13*b**2 - 3*b - 3. What are the prime factors of y(o)?
3, 13, 31
What are the prime factors of ((-161)/21*11)/(1/(-39))?
11, 13, 23
List the prime factors of (22/(-17 - 5))/(0 - (-1)/(-9303)).
3, 7, 443
Let j = 5162 - 1814. What are the prime factors of j?
2, 3, 31
Let v be (-2827)/(-77) + (0 - (-4)/14). Suppose 41*u - v*u - 1988 = 0. List the prime factors of u.
7, 71
Let q be -2 - (-2 - 4) - -260. Let j = q - 75. Suppose 1131 = 8*x - j. What are the prime factors of x?
3, 5, 11
Let j = 512 + 39. Let c = j + -378. List the prime factors of c.
173
Suppose 20 = 4*k + 16. Suppose 4*f + k = 3*v - 13, 0 = 3*f - 3. Suppose v*g + 120 = 16*g. List the prime factors of g.
2, 3
Suppose 3*s - 4*z = 32895, 5*s - 54841 = 374*z - 370*z. List the prime factors of s.
10973
Suppose 309*l - 119691 = 587394 + 1707441. What are the prime factors of l?
2, 3907
Suppose -2*a - 170 = n, 6*n - 85 = a + 3*n. Let f = a + 10. Let g = 82 - f. What are the prime factors of g?
157
Suppose -5*t + 38 = 2*v, 2*v + 43 = 5*v + 4*t. Suppose 4*l - 698 = -2*y, v*l - 7*l = 3*y + 353. What are the prime factors of l?
5, 7
Suppose -5*s - 20313 = -63*o + 62*o, 4*o = -2*s + 81318. List the prime factors of o.
2, 3, 7, 11
Let r(k) = 2*k**3 + 5*k**2 - 2*k + 4. Let v be r(-3). List the prime factors of (2*106 + v)/(267/1246).
2, 7, 71
Let t(b) = 3*b - 1. Let q be t(1). Suppose -4*f - q = 5*p - 37, -29 = -4*f - 3*p. Suppose -l + 164 = c, 655 = 4*c - 2*l + f*l. What are the prime factors of c?
163
Suppose 320*w = 318*w + 12. What are the prime factors of 2353/2 - 3/w?
2, 3, 7
Suppose 16*c - 10*c = 2862. Suppose 1440 + c = 9*j. List the prime factors of j.
3, 71
What are the prime factors of -